{"id":3310,"date":"2020-04-27T12:36:14","date_gmt":"2020-04-27T12:36:14","guid":{"rendered":"https:\/\/laurent.qodeinteractive.com\/elementor\/?page_id=3310"},"modified":"2024-03-14T12:18:49","modified_gmt":"2024-03-14T12:18:49","slug":"about-us","status":"publish","type":"page","link":"https:\/\/bruehl-ratsstube.de\/?page_id=3310","title":{"rendered":"\u00dcber uns"},"content":{"rendered":"\t\t<div data-elementor-type=\"wp-page\" data-elementor-id=\"3310\" class=\"elementor elementor-3310\">\n\t\t\t\t\t\t<section class=\"elementor-section elementor-top-section elementor-element elementor-element-4aa26a3 eltdf-elementor-row-grid-section elementor-section-boxed elementor-section-height-default elementor-section-height-default eltdf-parallax-row-no eltdf-content-aligment-left eltdf-disabled-bg-image-bellow-no\" data-id=\"4aa26a3\" data-element_type=\"section\">\n\t\t\t\t\t\t<div class=\"elementor-container elementor-column-gap-default\">\n\t\t\t\t\t<div class=\"elementor-column elementor-col-100 elementor-top-column elementor-element elementor-element-cd6ddc3\" data-id=\"cd6ddc3\" data-element_type=\"column\">\n\t\t\t<div class=\"elementor-widget-wrap elementor-element-populated\">\n\t\t\t\t\t\t<div class=\"elementor-element elementor-element-92765b6 elementor-widget elementor-widget-eltdf_section_title\" data-id=\"92765b6\" data-element_type=\"widget\" data-widget_type=\"eltdf_section_title.default\">\n\t\t\t\t<div class=\"elementor-widget-container\">\n\t\t\t<div class=\"eltdf-section-title-holder    \" style=\"text-align: center\">\n\t<div class=\"eltdf-st-inner\">\n                    <span class=\"eltdf-st-tagline\">\n                Etwas mehr            <\/span>\n        \t\t            <div class=\"eltdf-st-title-holder\">\n                                    <div class=\"decor\"><svg xmlns=\"http:\/\/www.w3.org\/2000\/svg\" width=\"41.125\" height=\"9.146\">\n                            <path fill=\"none\" stroke=\"#9C7C57\" stroke-miterlimit=\"10\" d=\"M40.881 8.576L20.562.591.244 8.576\"\/>\n                            <path fill=\"none\" stroke=\"#9C7C57\" stroke-miterlimit=\"10\" d=\"M40.881.591L20.562 8.576.243.591\"\/>\n                        <\/svg><\/div>\n                                <h2 class=\"eltdf-st-title\" >\n                    \u00dcber uns                <\/h2>\n                                    <div class=\"decor\"><svg xmlns=\"http:\/\/www.w3.org\/2000\/svg\" width=\"41.125\" height=\"9.146\">\n                            <path fill=\"none\" stroke=\"#9C7C57\" stroke-miterlimit=\"10\" d=\"M40.881 8.576L20.562.591.244 8.576\"\/>\n                            <path fill=\"none\" stroke=\"#9C7C57\" stroke-miterlimit=\"10\" d=\"M40.881.591L20.562 8.576.243.591\"\/>\n                        <\/svg><\/div>\n                            <\/div>\n\t\t\t\t\t\t\t<\/div>\n<\/div>\t\t<\/div>\n\t\t\t\t<\/div>\n\t\t\t\t<section class=\"elementor-section elementor-inner-section elementor-element elementor-element-b2d9698 elementor-section-boxed elementor-section-height-default elementor-section-height-default eltdf-parallax-row-no eltdf-content-aligment-left eltdf-elementor-row-grid-no eltdf-disabled-bg-image-bellow-no\" data-id=\"b2d9698\" data-element_type=\"section\">\n\t\t\t\t\t\t<div class=\"elementor-container elementor-column-gap-default\">\n\t\t\t\t\t<div class=\"elementor-column elementor-col-100 elementor-inner-column elementor-element elementor-element-5c0af25\" data-id=\"5c0af25\" data-element_type=\"column\">\n\t\t\t<div class=\"elementor-widget-wrap elementor-element-populated\">\n\t\t\t\t\t\t<div class=\"elementor-element elementor-element-8ddc9fa elementor-widget elementor-widget-text-editor\" data-id=\"8ddc9fa\" data-element_type=\"widget\" data-widget_type=\"text-editor.default\">\n\t\t\t\t<div class=\"elementor-widget-container\">\n\t\t\t<style>\/*! elementor - v3.19.0 - 28-02-2024 *\/\n.elementor-widget-text-editor.elementor-drop-cap-view-stacked .elementor-drop-cap{background-color:#69727d;color:#fff}.elementor-widget-text-editor.elementor-drop-cap-view-framed .elementor-drop-cap{color:#69727d;border:3px solid;background-color:transparent}.elementor-widget-text-editor:not(.elementor-drop-cap-view-default) .elementor-drop-cap{margin-top:8px}.elementor-widget-text-editor:not(.elementor-drop-cap-view-default) .elementor-drop-cap-letter{width:1em;height:1em}.elementor-widget-text-editor .elementor-drop-cap{float:left;text-align:center;line-height:1;font-size:50px}.elementor-widget-text-editor .elementor-drop-cap-letter{display:inline-block}<\/style>\t\t\t\t<div class=\"wpb_text_column wpb_content_element \"><div class=\"wpb_wrapper\"><p>Mit einem kleinen Empfang f\u00fcr Gemeinder\u00e4te und B\u00fcrgermeister er\u00f6ffnete Familie Georgios Dichris am letzten Freitag die Br\u00fchler \u201eRatsstube\u201c. Georgios, seine Frau Viktoria und Sohn Janis Dichris wollen in den bekannten und gro\u00dfz\u00fcgigen R\u00e4umlichkeiten des Gemeindelokals im Br\u00fchler Ortskern abwechslungsreiche griechische und mediterrane K\u00fcche anbieten. \u201eUns ist wichtig, das Ambiente, das die Br\u00fchler und Rohrhofer B\u00fcrger und B\u00fcrgerinnen \u00fcber die Jahre sch\u00e4tzen gelernt haben, zu erhalten,\u201c betont Janis Dichris, der hier aufgewachsen ist und seine Eltern gut unterst\u00fctzt. B\u00fcrgermeister Dr. Ralf G\u00f6ck und Vertreter aller vier Gemeinderatsfraktionen freuten sich \u00fcber diese Belebung des Ortskerns: \u201eF\u00fcr uns ist diese Wiederer\u00f6ffnung nach der Pandemie ein gutes Zeichen, dass es wieder vorw\u00e4rtsgeht, auch im \u00f6ffentlichen Leben\u201c, so Dr. G\u00f6ck in seinem Gru\u00dfwort und \u00fcberreichte mit allen guten W\u00fcnschen \u201eBr\u00fchler Kochsch\u00fcrzen\u201c als Zeichen der Verbundenheit der Gemeinde mit ihren neuen P\u00e4chtern, und w\u00fcnschte viel Gl\u00fcck und Erfolg.\u00a0<\/p><p>\u00a0<\/p><p>In den letzten drei Jahren war Familie Dichris erfolgreich in dem Rohrhofer Lokal \u201eBr\u00fchler Hof\u201c t\u00e4tig. Davor f\u00fchrten sie ein griechisches Lokal in Eschborn bei Frankfurt. Der Familienbetrieb legt Wert auf regionale Produkte und eine handwerkliche europ\u00e4ische K\u00fcche, die aber auch nicht die regionalen Spezialit\u00e4ten vermissen lassen wird. \u201eWir m\u00f6chten die Vielfalt der griechischen und mediterranen K\u00fcche mit den Besonderheiten wie Moussaka oder Kalbfleisch Stifado nach Br\u00fchl holen\u201c, so Janis Dichris. Die Karte der \u201eRatsstube\u201c halte f\u00fcr jeden Anlass und jeden Geldbeutel etwas bereit. Bei den Weinen setzt Familie Dichris auf Vielfalt: \u201eBei uns gibt es bezahlbare Weine aus ganz Europa\u201c, so Dichris. Auch die Kaffeespezialit\u00e4ten, insbesondere der griechische Mokka, kommen gut an.<\/p><p>\u00a0<\/p><p>Die Ratsstube \u00fcberzeugt weiterhin durch das klassische, helle, mediterrane Ambiente mit stilvollen Leuchten auf zwei Stockwerken und wurde von einer Innen-Dekorateurin aus Griechenland individuell ausgestaltet.<\/p><p>\u00a0<\/p><p>Ge\u00f6ffnet hat das Restaurant t\u00e4glich von 11.30 bis 14.30 Uhr sowie von 17.00 bis 22.30 Uhr, dienstags ist Ruhetag. Eine Reservierung vorab unter 06202 9700370 oder per E-Mail RestaurantRatsstube@gmail.com ist m\u00f6glich.<\/p><\/div><\/div>\t\t\t\t\t\t<\/div>\n\t\t\t\t<\/div>\n\t\t\t\t\t<\/div>\n\t\t<\/div>\n\t\t\t\t\t<\/div>\n\t\t<\/section>\n\t\t\t\t\t<\/div>\n\t\t<\/div>\n\t\t\t\t\t<\/div>\n\t\t<\/section>\n\t\t\t\t<\/div>\n\t\t","protected":false},"excerpt":{"rendered":"<p>Etwas mehr \u00dcber uns Mit einem kleinen Empfang f\u00fcr Gemeinder\u00e4te und B\u00fcrgermeister er\u00f6ffnete Familie Georgios Dichris am letzten Freitag die Br\u00fchler \u201eRatsstube\u201c. Georgios, seine Frau Viktoria und Sohn Janis Dichris wollen in den bekannten und gro\u00dfz\u00fcgigen R\u00e4umlichkeiten des Gemeindelokals im Br\u00fchler Ortskern abwechslungsreiche griechische und mediterrane K\u00fcche anbieten. \u201eUns ist wichtig, das Ambiente, das die Br\u00fchler und Rohrhofer B\u00fcrger und [&hellip;]<\/p>\n","protected":false},"author":1,"featured_media":0,"parent":0,"menu_order":0,"comment_status":"closed","ping_status":"closed","template":"full-width.php","meta":{"footnotes":""},"class_list":["post-3310","page","type-page","status-publish","hentry"],"_links":{"self":[{"href":"https:\/\/bruehl-ratsstube.de\/index.php?rest_route=\/wp\/v2\/pages\/3310","targetHints":{"allow":["GET"]}}],"collection":[{"href":"https:\/\/bruehl-ratsstube.de\/index.php?rest_route=\/wp\/v2\/pages"}],"about":[{"href":"https:\/\/bruehl-ratsstube.de\/index.php?rest_route=\/wp\/v2\/types\/page"}],"author":[{"embeddable":true,"href":"https:\/\/bruehl-ratsstube.de\/index.php?rest_route=\/wp\/v2\/users\/1"}],"replies":[{"embeddable":true,"href":"https:\/\/bruehl-ratsstube.de\/index.php?rest_route=%2Fwp%2Fv2%2Fcomments&post=3310"}],"version-history":[{"count":19,"href":"https:\/\/bruehl-ratsstube.de\/index.php?rest_route=\/wp\/v2\/pages\/3310\/revisions"}],"predecessor-version":[{"id":4923,"href":"https:\/\/bruehl-ratsstube.de\/index.php?rest_route=\/wp\/v2\/pages\/3310\/revisions\/4923"}],"wp:attachment":[{"href":"https:\/\/bruehl-ratsstube.de\/index.php?rest_route=%2Fwp%2Fv2%2Fmedia&parent=3310"}],"curies":[{"name":"wp","href":"https:\/\/api.w.org\/{rel}","templated":true}]}}